{"id":6,"date":"2026-02-25T16:26:04","date_gmt":"2026-02-25T16:26:04","guid":{"rendered":"https:\/\/xn--essnciadotoquespa-vtb.pt\/?page_id=6"},"modified":"2026-05-02T15:59:46","modified_gmt":"2026-05-02T15:59:46","slug":"inicio","status":"publish","type":"page","link":"https:\/\/xn--essnciadotoquespa-vtb.pt\/","title":{"rendered":"In\u00edcio"},"content":{"rendered":"\n<p>Bem-vindo ao seu site! Esta \u00e9 a sua p\u00e1gina inicial, que \u00e9 o que a maioria dos utilizadores ver\u00e1 ao visitar o seu site pela primeira vez.<\/p>\n","protected":false},"excerpt":{"rendered":"<p>Bem-vindo ao seu site! Esta \u00e9 a sua p\u00e1gina inicial, que \u00e9 o que a maioria dos utilizadores ver\u00e1 ao visitar o seu site pela primeira vez.<\/p>\n","protected":false},"author":1,"featured_media":0,"parent":0,"menu_order":0,"comment_status":"closed","ping_status":"closed","template":"","meta":{"footnotes":""},"class_list":["post-6","page","type-page","status-publish","hentry"],"yoast_head":"<!-- This site is optimized with the Yoast SEO plugin v27.5 - https:\/\/yoast.com\/product\/yoast-seo-wordpress\/ -->\n<title>In\u00edcio - Ess\u00eancia do Toque Spa<\/title>\n<meta name=\"description\" content=\"Descubra a Ess\u00eancia do Toque Spa, o seu ref\u00fagio de tranquilidade. Temos v\u00e1rias massagens relaxantes e tratamentos para o seu bem-estar.\" \/>\n<meta name=\"robots\" content=\"index, follow, max-snippet:-1, max-image-preview:large, max-video-preview:-1\" \/>\n<link rel=\"canonical\" href=\"https:\/\/xn--essnciadotoquespa-vtb.pt\/\" \/>\n<meta property=\"og:locale\" content=\"en_US\" \/>\n<meta property=\"og:type\" content=\"article\" \/>\n<meta property=\"og:title\" content=\"In\u00edcio - Ess\u00eancia do Toque Spa\" \/>\n<meta property=\"og:description\" content=\"Descubra a Ess\u00eancia do Toque Spa, o seu ref\u00fagio de tranquilidade. Temos v\u00e1rias massagens relaxantes e tratamentos para o seu bem-estar.\" \/>\n<meta property=\"og:url\" content=\"https:\/\/xn--essnciadotoquespa-vtb.pt\/\" \/>\n<meta property=\"og:site_name\" content=\"Ess\u00eancia do Toque Spa\" \/>\n<meta property=\"article:publisher\" content=\"https:\/\/www.facebook.com\/profile.php?id=61576664956181\" \/>\n<meta property=\"article:modified_time\" content=\"2026-05-02T15:59:46+00:00\" \/>\n<meta name=\"twitter:card\" content=\"summary_large_image\" \/>\n<meta name=\"twitter:label1\" content=\"Est. reading time\" \/>\n\t<meta name=\"twitter:data1\" content=\"1 minute\" \/>\n<script type=\"application\/ld+json\" class=\"yoast-schema-graph\">{\"@context\":\"https:\\\/\\\/schema.org\",\"@graph\":[{\"@type\":\"WebPage\",\"@id\":\"https:\\\/\\\/xn--essnciadotoquespa-vtb.pt\\\/\",\"url\":\"https:\\\/\\\/xn--essnciadotoquespa-vtb.pt\\\/\",\"name\":\"In\u00edcio - Ess\u00eancia do Toque Spa\",\"isPartOf\":{\"@id\":\"https:\\\/\\\/xn--essnciadotoquespa-vtb.pt\\\/#website\"},\"datePublished\":\"2026-02-25T16:26:04+00:00\",\"dateModified\":\"2026-05-02T15:59:46+00:00\",\"description\":\"Descubra a Ess\u00eancia do Toque Spa, o seu ref\u00fagio de tranquilidade. Temos v\u00e1rias massagens relaxantes e tratamentos para o seu bem-estar.\",\"breadcrumb\":{\"@id\":\"https:\\\/\\\/xn--essnciadotoquespa-vtb.pt\\\/#breadcrumb\"},\"inLanguage\":\"en-US\",\"potentialAction\":[{\"@type\":\"ReadAction\",\"target\":[\"https:\\\/\\\/xn--essnciadotoquespa-vtb.pt\\\/\"]}]},{\"@type\":\"BreadcrumbList\",\"@id\":\"https:\\\/\\\/xn--essnciadotoquespa-vtb.pt\\\/#breadcrumb\",\"itemListElement\":[{\"@type\":\"ListItem\",\"position\":1,\"name\":\"In\u00edcio\",\"item\":\"https:\\\/\\\/xn--essnciadotoquespa-vtb.pt\\\/\"},{\"@type\":\"ListItem\",\"position\":2,\"name\":\"In\u00edcio\"}]},{\"@type\":\"WebSite\",\"@id\":\"https:\\\/\\\/xn--essnciadotoquespa-vtb.pt\\\/#website\",\"url\":\"https:\\\/\\\/xn--essnciadotoquespa-vtb.pt\\\/\",\"name\":\"Ess\u00eancia do Toque Spa\",\"description\":\"Um ref\u00fagio de tranquilidade onde o corpo e a mente se encontram\",\"publisher\":{\"@id\":\"https:\\\/\\\/xn--essnciadotoquespa-vtb.pt\\\/#organization\"},\"potentialAction\":[{\"@type\":\"SearchAction\",\"target\":{\"@type\":\"EntryPoint\",\"urlTemplate\":\"https:\\\/\\\/xn--essnciadotoquespa-vtb.pt\\\/?s={search_term_string}\"},\"query-input\":{\"@type\":\"PropertyValueSpecification\",\"valueRequired\":true,\"valueName\":\"search_term_string\"}}],\"inLanguage\":\"en-US\"},{\"@type\":\"Organization\",\"@id\":\"https:\\\/\\\/xn--essnciadotoquespa-vtb.pt\\\/#organization\",\"name\":\"Ess\u00eancia do Toque Spa\",\"url\":\"https:\\\/\\\/xn--essnciadotoquespa-vtb.pt\\\/\",\"logo\":{\"@type\":\"ImageObject\",\"inLanguage\":\"en-US\",\"@id\":\"https:\\\/\\\/xn--essnciadotoquespa-vtb.pt\\\/#\\\/schema\\\/logo\\\/image\\\/\",\"url\":\"https:\\\/\\\/xn--essnciadotoquespa-vtb.pt\\\/wp-content\\\/uploads\\\/2026\\\/04\\\/cropped-Essencia-do-toque.jpg\",\"contentUrl\":\"https:\\\/\\\/xn--essnciadotoquespa-vtb.pt\\\/wp-content\\\/uploads\\\/2026\\\/04\\\/cropped-Essencia-do-toque.jpg\",\"width\":759,\"height\":429,\"caption\":\"Ess\u00eancia do Toque Spa\"},\"image\":{\"@id\":\"https:\\\/\\\/xn--essnciadotoquespa-vtb.pt\\\/#\\\/schema\\\/logo\\\/image\\\/\"},\"sameAs\":[\"https:\\\/\\\/www.facebook.com\\\/profile.php?id=61576664956181\",\"https:\\\/\\\/www.instagram.com\\\/essencia_do_toque_spa?utm_source=ig_web_button_share_sheet&igsh=ZDNlZDc0MzIxNw==\"]}]}<\/script>\n<!-- \/ Yoast SEO plugin. -->","yoast_head_json":{"title":"In\u00edcio - Ess\u00eancia do Toque Spa","description":"Descubra a Ess\u00eancia do Toque Spa, o seu ref\u00fagio de tranquilidade. Temos v\u00e1rias massagens relaxantes e tratamentos para o seu bem-estar.","robots":{"index":"index","follow":"follow","max-snippet":"max-snippet:-1","max-image-preview":"max-image-preview:large","max-video-preview":"max-video-preview:-1"},"canonical":"https:\/\/xn--essnciadotoquespa-vtb.pt\/","og_locale":"en_US","og_type":"article","og_title":"In\u00edcio - Ess\u00eancia do Toque Spa","og_description":"Descubra a Ess\u00eancia do Toque Spa, o seu ref\u00fagio de tranquilidade. Temos v\u00e1rias massagens relaxantes e tratamentos para o seu bem-estar.","og_url":"https:\/\/xn--essnciadotoquespa-vtb.pt\/","og_site_name":"Ess\u00eancia do Toque Spa","article_publisher":"https:\/\/www.facebook.com\/profile.php?id=61576664956181","article_modified_time":"2026-05-02T15:59:46+00:00","twitter_card":"summary_large_image","twitter_misc":{"Est. reading time":"1 minute"},"schema":{"@context":"https:\/\/schema.org","@graph":[{"@type":"WebPage","@id":"https:\/\/xn--essnciadotoquespa-vtb.pt\/","url":"https:\/\/xn--essnciadotoquespa-vtb.pt\/","name":"In\u00edcio - Ess\u00eancia do Toque Spa","isPartOf":{"@id":"https:\/\/xn--essnciadotoquespa-vtb.pt\/#website"},"datePublished":"2026-02-25T16:26:04+00:00","dateModified":"2026-05-02T15:59:46+00:00","description":"Descubra a Ess\u00eancia do Toque Spa, o seu ref\u00fagio de tranquilidade. Temos v\u00e1rias massagens relaxantes e tratamentos para o seu bem-estar.","breadcrumb":{"@id":"https:\/\/xn--essnciadotoquespa-vtb.pt\/#breadcrumb"},"inLanguage":"en-US","potentialAction":[{"@type":"ReadAction","target":["https:\/\/xn--essnciadotoquespa-vtb.pt\/"]}]},{"@type":"BreadcrumbList","@id":"https:\/\/xn--essnciadotoquespa-vtb.pt\/#breadcrumb","itemListElement":[{"@type":"ListItem","position":1,"name":"In\u00edcio","item":"https:\/\/xn--essnciadotoquespa-vtb.pt\/"},{"@type":"ListItem","position":2,"name":"In\u00edcio"}]},{"@type":"WebSite","@id":"https:\/\/xn--essnciadotoquespa-vtb.pt\/#website","url":"https:\/\/xn--essnciadotoquespa-vtb.pt\/","name":"Ess\u00eancia do Toque Spa","description":"Um ref\u00fagio de tranquilidade onde o corpo e a mente se encontram","publisher":{"@id":"https:\/\/xn--essnciadotoquespa-vtb.pt\/#organization"},"potentialAction":[{"@type":"SearchAction","target":{"@type":"EntryPoint","urlTemplate":"https:\/\/xn--essnciadotoquespa-vtb.pt\/?s={search_term_string}"},"query-input":{"@type":"PropertyValueSpecification","valueRequired":true,"valueName":"search_term_string"}}],"inLanguage":"en-US"},{"@type":"Organization","@id":"https:\/\/xn--essnciadotoquespa-vtb.pt\/#organization","name":"Ess\u00eancia do Toque Spa","url":"https:\/\/xn--essnciadotoquespa-vtb.pt\/","logo":{"@type":"ImageObject","inLanguage":"en-US","@id":"https:\/\/xn--essnciadotoquespa-vtb.pt\/#\/schema\/logo\/image\/","url":"https:\/\/xn--essnciadotoquespa-vtb.pt\/wp-content\/uploads\/2026\/04\/cropped-Essencia-do-toque.jpg","contentUrl":"https:\/\/xn--essnciadotoquespa-vtb.pt\/wp-content\/uploads\/2026\/04\/cropped-Essencia-do-toque.jpg","width":759,"height":429,"caption":"Ess\u00eancia do Toque Spa"},"image":{"@id":"https:\/\/xn--essnciadotoquespa-vtb.pt\/#\/schema\/logo\/image\/"},"sameAs":["https:\/\/www.facebook.com\/profile.php?id=61576664956181","https:\/\/www.instagram.com\/essencia_do_toque_spa?utm_source=ig_web_button_share_sheet&igsh=ZDNlZDc0MzIxNw=="]}]}},"_links":{"self":[{"href":"https:\/\/xn--essnciadotoquespa-vtb.pt\/index.php?rest_route=\/wp\/v2\/pages\/6","targetHints":{"allow":["GET"]}}],"collection":[{"href":"https:\/\/xn--essnciadotoquespa-vtb.pt\/index.php?rest_route=\/wp\/v2\/pages"}],"about":[{"href":"https:\/\/xn--essnciadotoquespa-vtb.pt\/index.php?rest_route=\/wp\/v2\/types\/page"}],"author":[{"embeddable":true,"href":"https:\/\/xn--essnciadotoquespa-vtb.pt\/index.php?rest_route=\/wp\/v2\/users\/1"}],"replies":[{"embeddable":true,"href":"https:\/\/xn--essnciadotoquespa-vtb.pt\/index.php?rest_route=%2Fwp%2Fv2%2Fcomments&post=6"}],"version-history":[{"count":1,"href":"https:\/\/xn--essnciadotoquespa-vtb.pt\/index.php?rest_route=\/wp\/v2\/pages\/6\/revisions"}],"predecessor-version":[{"id":14,"href":"https:\/\/xn--essnciadotoquespa-vtb.pt\/index.php?rest_route=\/wp\/v2\/pages\/6\/revisions\/14"}],"wp:attachment":[{"href":"https:\/\/xn--essnciadotoquespa-vtb.pt\/index.php?rest_route=%2Fwp%2Fv2%2Fmedia&parent=6"}],"curies":[{"name":"wp","href":"https:\/\/api.w.org\/{rel}","templated":true}]}}